8?
3144
What is the remainder when 1040029 is divided by 1891?
1870
Calculate the remainder when 598281 is divided by 982.
243
Calculate the remainder when 99766 is divided by 99187.
579
Calculate the remainder when 354513 is divided by 116870.
3903
What is the remainder when 1841465 is divided by 920692?
81
What is the remainder when 4183120 is divided by 1771?
18
What is the remainder when 4726865 is divided by 294?
227
Calculate the remainder when 68082 is divided by 4537.
27
Calculate the remainder when 47107932 is divided by 26.
14
What is the remainder when 5175581 is divided by 1725155?
116
What is the remainder when 65446 is divided by 32667?
112
What is the remainder when 1674728 is divided by 19232?
1544
Calculate the remainder when 116556538 is divided by 20.
18
What is the remainder when 131893 is divided by 8764?
433
Calculate the remainder when 67431738 is divided by 741.
738
Calculate the remainder when 249027 is divided by 1211.
772
Calculate the remainder when 844209 is divided by 130.
119
Calculate the remainder when 41707970 is divided by 1385.
80
Calculate the remainder when 2290948 is divided by 9.
7
Calculate the remainder when 7569770 is divided by 2992.
10
What is the remainder when 61520 is divided by 16244?
12788
Calculate the remainder when 10269319 is divided by 278.
277
What is the remainder when 64959 is divided by 12964?
139
Calculate the remainder when 246922 is divided by 581.
578
Calculate the remainder when 617056 is divided by 2439.
2428
Calculate the remainder when 2032809 is divided by 480.
9
What is the remainder when 458620 is divided by 246?
76
What is the remainder when 659839 is divided by 11997?
4
What is the remainder when 34876398 is divided by 247?
245
Calculate the remainder when 1075194 is divided by 51190.
204
Calculate the remainder when 503438 is divided by 167779.
101
Calculate the remainder when 70550920 is divided by 73.
70
What is the remainder when 256823 is divided by 7550?
123
What is the remainder when 168220 is divided by 4270?
1690
What is the remainder when 30127294 is divided by 53041?
6
Calculate the remainder when 13794975 is divided by 6897474.
27
What is the remainder when 5130840 is divided by 23322?
0
Calculate the remainder when 20429 is divided by 8601.
3227
Calculate the remainder when 165864 is divided by 33167.
29
Calculate the remainder when 2739153 is divided by 547723.
538
Calculate the remainder when 35048 is divided by 8518.
976
What is the remainder when 2304609 is divided by 768202?
3
What is the remainder when 917765 is divided by 67?
66
Calculate the remainder when 259924218 is divided by 768.
762
Calculate the remainder when 983987 is divided by 307.
52
Calculate the remainder when 151209 is divided by 25194.
45
Calculate the remainder when 13492899 is divided by 8.
3
Calculate the remainder when 36883097 is divided by 2216.
2209
What is the remainder when 6078443 is divided by 1151?
12
Calculate the remainder when 38259678 is divided by 11794.
11736
What is the remainder when 11597 is divided by 1653?
26
What is the remainder when 67014937 is divided by 41?
27
Calculate the remainder when 152503 is divided by 76162.
179
What is the remainder when 2883650 is divided by 432?
50
What is the remainder when 7904 is divided by 7831?
73
What is the remainder when 38227157 is divided by 19113524?
109
What is the remainder when 4169565 is divided by 1389854?
3
What is the remainder when 3512426 is divided by 878106?
2
What is the remainder when 909881 is divided by 439?
273
What is the remainder when 98648014 is divided by 24?
22
What is the remainder when 1340295 is divided by 5215?
40
What is the remainder when 4768644 is divided by 893?
24
Calculate the remainder when 21482785 is divided by 4296554.
15
What is the remainder when 315682 is divided by 741?
16
Calculate the remainder when 11363206 is divided by 200.
6
Calculate the remainder when 2999 is divided by 73.
6
What is the remainder when 20550 is divided by 10188?
174
Calculate the remainder when 245516 is divided by 256.
12
What is the remainder when 182263 is divided by 223?
72
What is the remainder when 340793679 is divided by 22164?
15
Calculate the remainder when 567187 is divided by 3939.
3910
Calculate the remainder when 1269539 is divided by 1582.
775
Calculate the remainder when 411333 is divided by 788.
785
What is the remainder when 54082884 is divided by 28875?
9
What is the remainder when 371425 is divided by 1179?
40
Calculate the remainder when 71997388 is divided by 91.
8
What is the remainder when 363611 is divided by 473?
347
What is the remainder when 1538219 is divided by 763?
11
Calculate the remainder when 18656882 is divided by 1017.
17
What is the remainder when 7209124 is divided by 535?
534
What is the remainder when 3103355330 is divided by 11?
9
What is the remainder when 2502538 is divided by 73?
25
Calculate the remainder when 9448385 is divided by 13.
11
What is the remainder when 151937 is divided by 169?
6
Calculate the remainder when 3390717 is divided by 73711.
11
What is the remainder when 966834 is divided by 4209?
2973
Calculate the remainder when 203354061 is divided by 271.
268
What is the remainder when 65948 is divided by 16076?
1644
Calculate the remainder when 65393856 is divided by 333.
315
What is the remainder when 155507709 is divided by 667?
661
Calculate the remainder when 997439 is divided by 123.
32
Calculate the remainder when 45346887 is divided by 136.
135
What is the remainder when 17537798 is divided by 433?
432
Calculate the remainder when 5025511 is divided by 256.
231
What is the remainder when 305038 is divided by 30?
28
What is the remainder when 112882 is divided by 92?
90
Calculate the remainder when 3535136 is divided by 84.
80
Calculate the remainder when 795396 is divided by 2912.
420
What is the remainder when 2802465 is divided by 1401228?
9
Calculate the remainder when 32062 is divided by 6194.
1092
What is the remainder when 2082057 is divided by 1290?
1287
What is the remainder when 471043 is divided by 1327?
1285
What is the remainder when 608694479 is divided by 54?
53
What is the remainder when 88634543 is divided by 12662069?
60
Calculate the remainder when 215421 is divided by 16558.
167
What is the remainder when 48241885 is divided by 1604?
1585
Calculate the remainder when 6839622 is divided by 253319.
9
Calculate the remainder when 1635043 is divided by 216.
139
Calculate the remainder when 18033767 is divided by 2774.
2767
What is the remainder when 11752590 is divided by 127?
10
What is the remainder when 49360 is divided by 2347?
73
What is the remainder when 179495 is divided by 11191?
439
What is the remainder when 2069312 is divided by 212?
192
Calculate the remainder when 1032095 is divided by 4468.
4455
What is the remainder when 30290743 is divided by 149954?
35
Calculate the remainder when 77319719 is divided by 2164.
2163
What is the remainder when 1963975 is divided by 7?
6
Calculate the remainder when 17353120 is divided by 262926.
4
Calculate the remainder when 28747 is divided by 1239.
250
Calculate the remainder when 6270143 is divided by 102.
101
Calculate the remainder when 3220914 is divided by 949.
8
Calculate the remainder when 3066735 is divided by 4350.
4335
Calculate the remainder when 19829 is divided by 7274.
5281
What is the remainder when 135944 is divided by 3573?
170
Calculate the remainder when 1471953 is divided by 735972.
9
Calculate the remainder when 22128486 is divided by 4425695.
11
What is the remainder when 406835 is divided by 7986?
7535
What is the remainder when 263807 is divided by 37663?
166
Calculate the remainder when 5389789 is divided by 598861.
40
Calculate the remainder when 1334071 is divided by 731.
727
What is the remainder when 44084550 is divided by 512611?
4
What is the remainder when 362684 is divided by 4711?
4648
Calculate the remainder when 17640176 is divided by 489.
479
Calculate the remainder when 68974649 is divided by 6958.
6953
What is the remainder when 40260 is divided by 9625?
1760
Calculate the remainder when 1312858 is divided by 17050.
8
Calculate the remainder when 80454 is divided by 2980.
2974
What is the remainder when 13684 is divided by 260?
164
C